{"id":1073,"date":"2025-04-10T13:39:32","date_gmt":"2025-04-10T13:39:32","guid":{"rendered":"https:\/\/edelmetallshop-wuerzburg.de\/?page_id=1073"},"modified":"2025-04-10T13:45:15","modified_gmt":"2025-04-10T13:45:15","slug":"barrierefreiheitserklaerung","status":"publish","type":"page","link":"https:\/\/edelmetallshop-wuerzburg.de\/index.php\/barrierefreiheitserklaerung\/","title":{"rendered":"Barrierefreiheitserkl\u00e4rung"},"content":{"rendered":"\t\t<div data-elementor-type=\"wp-page\" data-elementor-id=\"1073\" class=\"elementor elementor-1073\" data-elementor-post-type=\"page\">\n\t\t\t\t<div class=\"elementor-element elementor-element-ff8485b e-flex e-con-boxed e-con e-parent\" data-id=\"ff8485b\" data-element_type=\"container\">\n\t\t\t\t\t<div class=\"e-con-inner\">\n\t\t\t\t<div class=\"elementor-element elementor-element-33bc4a2 elementor-widget elementor-widget-text-editor\" data-id=\"33bc4a2\" data-element_type=\"widget\" data-widget_type=\"text-editor.default\">\n\t\t\t\t<div class=\"elementor-widget-container\">\n\t\t\t\t\t\t\t\t\t<h1>Erkl\u00e4rung zur Barrierefreiheit f\u00fcr Dienstleistungen<\/h1><p>Im Rahmen unserer Barrierefreiheitserkl\u00e4rung m\u00f6chten wir Ihnen einen \u00dcberblick \u00fcber den Stand der Vereinbarkeit der unten beschriebenen Dienstleistung(en) mit den Anforderungen der Barrierefreiheit nach gesetzlichen Vorschriften (insbesondere mit dem Barrierefreiheitsst\u00e4rkungsgesetz \u2013 BFSG) geben.<\/p><h2>Angaben zum Dienstleistungserbringer<\/h2><p>Metallorum Edelmetallhandels GmbH<br \/>W\u00f6rthstra\u00dfe 15<br \/>97082 W\u00fcrzburg<br \/>Bayern<\/p><h2>Allgemeine Beschreibung der Dienstleistung<\/h2><p>Angebot von Dienstleistungen rund um das Thema Edelmetall als Wertanlage, Vermietung von Schlie\u00dff\u00e4chern sowie Pfandleihe in Edelmetallshops in W\u00fcrzburg, Fulda und Aschaffenburg.<\/p><h2>Erl\u00e4uterungen zur Durchf\u00fchrung der Dienstleistung<\/h2><p>\u00dcber unsere Website www.edelmetallshop-wuerzburg.de bieten wir Angebote von Dienstleistungen rund um das Thema Edelmetall als Wertanlage, Vermietung von Schlie\u00dff\u00e4chern sowie Pfandleihe in Edelmetallshops in W\u00fcrzburg, Fulda und Aschaffenburg.<\/p><h2>Stand der Vereinbarkeit mit den Anforderungen<\/h2><p>Die oben genannte Dienstleistung ist teilweise mit dem Barrierefreiheitsst\u00e4rkungsgesetz (BFSG) vereinbar.<\/p><p>Folgende Teile\/Inhalte\/Funktionen der Dienstleistung sind nicht barrierefrei:<\/p><p>Einige Audio- und Videoinhalte verf\u00fcgen derzeit nicht \u00fcber Untertitel. <br \/>Eine Tastaturbedienbarkeit ist nur f\u00fcr die allermeisten Bereiche der Website gew\u00e4hrleistet.<\/p><p>Auf der Startseite ist auf der mittleren Kachel &#8222;Ihr verl\u00e4sslicher Partner f\u00fcr alle Edelmetalle&#8220; der Textkontrast nicht v\u00f6llig ausreichend. Dieser kann mithilfe des Tools Digi Access bei Bedarf erh\u00f6ht werden.<\/p><p>Im Kontaktformular konnte aus technischen Gr\u00fcnden die Gruppe von Checkboxen mit den verschiedenen Auswahlm\u00f6glichkeiten &#8222;R\u00fcckruf&#8220;, &#8222;Videoberatung&#8220;, &#8222;Unterlagen&#8220; oder &#8222;Vorort-Termin&#8220; nicht eindeutig in einem Fieldset zusammengefasst und gelabelt werden.<br \/>Die Verlinkung auf Calendly k\u00f6nnen wir nicht beeinflussen.\u00a0<\/p><h3>Nicht barrierefreie Teile der Dienstleistung &#8211; Umsetzungsfristen<\/h3><p>Wir sind darum bem\u00fcht, Audio- und Videoinhalte mit Untertiteln zu versehen. Eine genaue Angabe k\u00f6nnen wir momentan nicht machen.<\/p><h2>Erstellung der Barrierefreiheitserkl\u00e4rung<\/h2><p>Datum der Erstellung der Barrierefreiheitserkl\u00e4rung: 10.04.2025<br \/>Datum der letzten \u00dcberpr\u00fcfung der o. g. Leistungen hinsichtlich der Anforderungen zur Barrierefreiheit: 10.04.2025<\/p><h2>Einsch\u00e4tzung zum Stand der Barrierefreiheit<\/h2><p>Die Einsch\u00e4tzung zum Stand der Barrierefreiheit beruht auf unserer Selbsteinsch\u00e4tzung.<\/p>\t\t\t\t\t\t\t\t<\/div>\n\t\t\t\t<\/div>\n\t\t\t\t\t<\/div>\n\t\t\t\t<\/div>\n\t\t\t\t<\/div>\n\t\t","protected":false},"excerpt":{"rendered":"<p>Erkl\u00e4rung zur Barrierefreiheit f\u00fcr Dienstleistungen Im Rahmen unserer Barrierefreiheitserkl\u00e4rung m\u00f6chten wir Ihnen einen \u00dcberblick \u00fcber den Stand der Vereinbarkeit der unten beschriebenen Dienstleistung(en) mit den Anforderungen der Barrierefreiheit nach gesetzlichen Vorschriften (insbesondere mit dem Barrierefreiheitsst\u00e4rkungsgesetz \u2013 BFSG) geben. Angaben zum Dienstleistungserbringer Metallorum Edelmetallhandels GmbHW\u00f6rthstra\u00dfe 1597082 W\u00fcrzburgBayern Allgemeine Beschreibung der Dienstleistung Angebot von Dienstleistungen rund um [&hellip;]<\/p>\n","protected":false},"author":2,"featured_media":0,"parent":0,"menu_order":0,"comment_status":"closed","ping_status":"closed","template":"elementor_header_footer","meta":{"_seopress_robots_primary_cat":"","_seopress_titles_title":"","_seopress_titles_desc":"","_seopress_robots_index":"","footnotes":""},"class_list":["post-1073","page","type-page","status-publish","hentry"],"_links":{"self":[{"href":"https:\/\/edelmetallshop-wuerzburg.de\/index.php\/wp-json\/wp\/v2\/pages\/1073","targetHints":{"allow":["GET"]}}],"collection":[{"href":"https:\/\/edelmetallshop-wuerzburg.de\/index.php\/wp-json\/wp\/v2\/pages"}],"about":[{"href":"https:\/\/edelmetallshop-wuerzburg.de\/index.php\/wp-json\/wp\/v2\/types\/page"}],"author":[{"embeddable":true,"href":"https:\/\/edelmetallshop-wuerzburg.de\/index.php\/wp-json\/wp\/v2\/users\/2"}],"replies":[{"embeddable":true,"href":"https:\/\/edelmetallshop-wuerzburg.de\/index.php\/wp-json\/wp\/v2\/comments?post=1073"}],"version-history":[{"count":7,"href":"https:\/\/edelmetallshop-wuerzburg.de\/index.php\/wp-json\/wp\/v2\/pages\/1073\/revisions"}],"predecessor-version":[{"id":1085,"href":"https:\/\/edelmetallshop-wuerzburg.de\/index.php\/wp-json\/wp\/v2\/pages\/1073\/revisions\/1085"}],"wp:attachment":[{"href":"https:\/\/edelmetallshop-wuerzburg.de\/index.php\/wp-json\/wp\/v2\/media?parent=1073"}],"curies":[{"name":"wp","href":"https:\/\/api.w.org\/{rel}","templated":true}]}}