{"id":475,"date":"2024-12-17T11:51:39","date_gmt":"2024-12-17T11:51:39","guid":{"rendered":"https:\/\/edelmetallshop-wuerzburg.de\/?page_id=475"},"modified":"2025-11-13T10:50:32","modified_gmt":"2025-11-13T10:50:32","slug":"impressum","status":"publish","type":"page","link":"https:\/\/edelmetallshop-wuerzburg.de\/index.php\/impressum\/","title":{"rendered":"Impressum"},"content":{"rendered":"\t\t<div data-elementor-type=\"wp-page\" data-elementor-id=\"475\" class=\"elementor elementor-475\" data-elementor-post-type=\"page\">\n\t\t\t\t\t\t<section class=\"elementor-section elementor-top-section elementor-element elementor-element-1da0e571 elementor-section-boxed elementor-section-height-default elementor-section-height-default\" data-id=\"1da0e571\" data-element_type=\"section\">\n\t\t\t\t\t\t<div class=\"elementor-container elementor-column-gap-default\">\n\t\t\t\t\t<div class=\"elementor-column elementor-col-100 elementor-top-column elementor-element elementor-element-5eb2a144\" data-id=\"5eb2a144\" data-element_type=\"column\">\n\t\t\t<div class=\"elementor-widget-wrap elementor-element-populated\">\n\t\t\t\t\t\t<div class=\"elementor-element elementor-element-7da40b1 elementor-widget elementor-widget-text-editor\" data-id=\"7da40b1\" data-element_type=\"widget\" data-widget_type=\"text-editor.default\">\n\t\t\t\t<div class=\"elementor-widget-container\">\n\t\t\t\t\t\t\t\t\t<h1>Impressum<\/h1>\n\n<p>Metallorum Edelmetallhandels GmbH<br \/>\nAn der Windm&uuml;hle 6<br \/>\n97294 Unterpleichfeld<\/p>\n\n<p>Handelsregister: HRB 13597<br \/>\nRegistergericht: Amtsgericht W&uuml;rzburg<\/p>\n\n<p><strong>Vertreten durch:<\/strong><br \/>\nTino Leukhardt, Markus Fackelmann<\/p>\n\n<h2>Kontakt<\/h2>\n<p>Telefon: 0931 40455624<br \/>\nE-Mail: info@edelmetallshop-wuerzburg.de<\/p>\n\n<h2>Umsatzsteuer-ID<\/h2>\n<p>Umsatzsteuer-Identifikationsnummer gem&auml;&szlig; &sect; 27 a Umsatzsteuergesetz:<br \/>\nDE 310 772 336<\/p>\n\n<h2>Redaktionell verantwortlich<\/h2>\n<p>Tino Leukhardt<\/p>\n\n<h2>Verbraucher&shy;streit&shy;beilegung\/Universal&shy;schlichtungs&shy;stelle<\/h2>\n<p>Wir sind nicht bereit oder verpflichtet, an Streitbeilegungsverfahren vor einer Verbraucherschlichtungsstelle teilzunehmen.<\/p>\t\t\t\t\t\t\t\t<\/div>\n\t\t\t\t<\/div>\n\t\t\t\t\t<\/div>\n\t\t<\/div>\n\t\t\t\t\t<\/div>\n\t\t<\/section>\n\t\t<div class=\"elementor-element elementor-element-33b3671 e-flex e-con-boxed e-con e-parent\" data-id=\"33b3671\" data-element_type=\"container\">\n\t\t\t\t\t<div class=\"e-con-inner\">\n\t\t\t\t<div class=\"elementor-element elementor-element-670f185 elementor-widget elementor-widget-shortcode\" data-id=\"670f185\" data-element_type=\"widget\" data-widget_type=\"shortcode.default\">\n\t\t\t\t<div class=\"elementor-widget-container\">\n\t\t\t\t\t\t\t<div class=\"elementor-shortcode\">\n \n     \n    \n        <h2>Design und technische Umsetzung<\/h2>\n        <p>\n            Leadpeak GmbH<br>\n            vertretungsberechtigte Gesch\u00e4ftsf\u00fchrer:<br>\n            Reemt Windmann, Norma Jeising<br>\n            Magdalene Schoch Stra\u00dfe 5<br>\n            97074 W\u00fcrzburg<br>\n            Telefonnummer 0931 80 99 88 99<br>\n            Email: <a href=\"mailto:info@leadpeak.me\">info@leadpeak.me<\/a><br>\n            <a href=\"https:\/\/leadpeak.me\" target=\"_blank\">www.leadpeak.me<\/a><br>\n        <\/p>\n    \n     \n<\/div>\n\t\t\t\t\t\t<\/div>\n\t\t\t\t<\/div>\n\t\t\t\t\t<\/div>\n\t\t\t\t<\/div>\n\t\t\t\t<\/div>\n\t\t","protected":false},"excerpt":{"rendered":"<p>Impressum Metallorum Edelmetallhandels GmbH An der Windm&uuml;hle 6 97294 Unterpleichfeld Handelsregister: HRB 13597 Registergericht: Amtsgericht W&uuml;rzburg Vertreten durch: Tino Leukhardt, Markus Fackelmann Kontakt Telefon: 0931 40455624 E-Mail: info@edelmetallshop-wuerzburg.de Umsatzsteuer-ID Umsatzsteuer-Identifikationsnummer gem&auml;&szlig; &sect; 27 a Umsatzsteuergesetz: DE 310 772 336 Redaktionell verantwortlich Tino Leukhardt Verbraucher&shy;streit&shy;beilegung\/Universal&shy;schlichtungs&shy;stelle Wir sind nicht bereit oder verpflichtet, an Streitbeilegungsverfahren vor einer Verbraucherschlichtungsstelle [&hellip;]<\/p>\n","protected":false},"author":2,"featured_media":0,"parent":0,"menu_order":0,"comment_status":"closed","ping_status":"closed","template":"","meta":{"_seopress_robots_primary_cat":"0","_seopress_titles_title":"Impressum Edelmetallhandel W\u00fcrzburg","_seopress_titles_desc":"Entdecken Sie Edelmetalle in W\u00fcrzburg! Kontaktieren Sie uns f\u00fcr Beratung: info@edelmetallshop-wuerzburg.de. Kompetente Vertretung mit Leukhardt & Fackelmann.","_seopress_robots_index":"","footnotes":""},"class_list":["post-475","page","type-page","status-publish","hentry"],"_links":{"self":[{"href":"https:\/\/edelmetallshop-wuerzburg.de\/index.php\/wp-json\/wp\/v2\/pages\/475","targetHints":{"allow":["GET"]}}],"collection":[{"href":"https:\/\/edelmetallshop-wuerzburg.de\/index.php\/wp-json\/wp\/v2\/pages"}],"about":[{"href":"https:\/\/edelmetallshop-wuerzburg.de\/index.php\/wp-json\/wp\/v2\/types\/page"}],"author":[{"embeddable":true,"href":"https:\/\/edelmetallshop-wuerzburg.de\/index.php\/wp-json\/wp\/v2\/users\/2"}],"replies":[{"embeddable":true,"href":"https:\/\/edelmetallshop-wuerzburg.de\/index.php\/wp-json\/wp\/v2\/comments?post=475"}],"version-history":[{"count":24,"href":"https:\/\/edelmetallshop-wuerzburg.de\/index.php\/wp-json\/wp\/v2\/pages\/475\/revisions"}],"predecessor-version":[{"id":1310,"href":"https:\/\/edelmetallshop-wuerzburg.de\/index.php\/wp-json\/wp\/v2\/pages\/475\/revisions\/1310"}],"wp:attachment":[{"href":"https:\/\/edelmetallshop-wuerzburg.de\/index.php\/wp-json\/wp\/v2\/media?parent=475"}],"curies":[{"name":"wp","href":"https:\/\/api.w.org\/{rel}","templated":true}]}}